
What is the hundreds digit of 3084619?
6
What is the units digit of 699999?
9
What is the ten thousands digit of 2965623?
6
What is the hundred thousands digit of 592788?
5
What is the units digit of 297592?
2
What is the ten millions digit of 15955863?
1
What is the ten thousands digit of 129349?
2
What is the hundred thousands digit of 3190440?
1
What is the hundreds digit of 482792?
7
What is the units digit of 11503726?
6
What is the ten thousands digit of 6704127?
0
What is the hundreds digit of 17284631?
6
What is the tens digit of 383759?
5
What is the ten thousands digit of 510883?
1
What is the millions digit of 6310474?
6
What is the units digit of 569146?
6
What is the millions digit of 1227595?
1
What is the hundred thousands digit of 16735310?
7
What is the hundreds digit of 106830?
8
What is the hundred thousands digit of 1841685?
8
What is the ten thousands digit of 11236171?
3
What is the ten thousands digit of 2145954?
4
What is the tens digit of 10736516?
1
What is the hundreds digit of 55426?
4
What is the hundred thousands digit of 20155593?
1
What is the millions digit of 23954113?
3
What is the units digit of 300700?
0
What is the hundred thousands digit of 10435645?
4
What is the tens digit of 983036?
3
What is the hundred thousands digit of 750569?
7
What is the ten thousands digit of 221682?
2
What is the ten thousands digit of 5969962?
6
What is the tens digit of 536519?
1
What is the tens digit of 192578?
7
What is the hundreds digit of 28355?
3
What is the millions digit of 1090637?
1
What is the tens digit of 469133?
3
What is the hundreds digit of 301344?
3
What is the thousands digit of 293257?
3
What is the thousands digit of 4619636?
9
What is the ten thousands digit of 27516503?
1
What is the tens digit of 418624?
2
What is the thousands digit of 5079831?
9
What is the units digit of 1155052?
2
What is the hundreds digit of 610204?
2
What is the units digit of 6871841?
1
What is the units digit of 501441?
1
What is the tens digit of 1513636?
3
What is the tens digit of 582598?
9
What is the millions digit of 1023290?
1
What is the tens digit of 9995590?
9
What is the thousands digit of 175576?
5
What is the tens digit of 25855962?
6
What is the units digit of 210351?
1
What is the units digit of 2748811?
1
What is the units digit of 1335815?
5
What is the tens digit of 380544?
4
What is the hundred thousands digit of 686031?
6
What is the ten thousands digit of 1571322?
7
What is the thousands digit of 7305?
7
What is the ten thousands digit of 24004155?
0
What is the hundreds digit of 76140?
1
What is the tens digit of 13004911?
1
What is the thousands digit of 5072348?
2
What is the millions digit of 2082968?
2
What is the thousands digit of 2521323?
1
What is the units digit of 397731?
1
What is the units digit of 2238804?
4
What is the hundreds digit of 9598507?
5
What is the millions digit of 12995791?
2
What is the thousands digit of 291498?
1
What is the ten thousands digit of 3349106?
4
What is the units digit of 7198632?
2
What is the units digit of 46211?
1
What is the hundreds digit of 2523023?
0
What is the millions digit of 1439426?
1
What is the hundred thousands digit of 257250?
2
What is the millions digit of 5117109?
5
What is the hundreds digit of 5418136?
1
What is the units digit of 37663?
3
What is the thousands digit of 701664?
1
What is the thousands digit of 7487275?
7
What is the hundreds digit of 282451?
4
What is the hundred thousands digit of 9887154?
8
What is the tens digit of 385668?
6
What is the hundred thousands digit of 1718576?
7
What is the ten thousands digit of 171925?
7
What is the hundred thousands digit of 2239073?
2
What is the hundreds digit of 669264?
2
What is the hundred thousands digit of 4567906?
5
What is the thousands digit of 630579?
0
What is the units digit of 9948795?
5
What is the thousands digit of 2740102?
0
What is the tens digit of 8040878?
7
What is the millions digit of 22421050?
2
What is the ten thousands digit of 819409?
1
What is the units digit of 128394?
4
What is the units digit of 39184899?
9
What is the tens digit of 38198741?
4
What is the thousands digit of 29169309?
9
What is the hundred thousands digit of 977198?
9
What is the tens digit of 207529?
2
What is the tens digit of 427967?
6
What is the tens digit of 160857?
5
What is the tens digit of 196167?
6
What is the tens digit of 581979?
7
What is the tens digit of 195085?
8
What is the tens digit of 214659?
5
What is the thousands digit of 3464209?
4
What is the thousands digit of 3591307?
1
What is the hundreds digit of 1046230?
2
What is the hundred thousands digit of 497967?
4
What is the hundred thousands digit of 837480?
8
What is the hundred thousands digit of 1559656?
5
What is the units digit of 327896?
6
What is the tens digit of 9863076?
7
What is the units digit of 550475?
5
What is the ten thousands digit of 864217?
6
What is the thousands digit of 169763?
9
What is the units digit of 1056233?
3
What is the ten thousands digit of 166512?
6
What is the hundreds digit of 8228624?
6
What is the hundred thousands digit of 588389?
5
What is the hundreds digit of 32342?
3
What is the thousands digit of 2298772?
8
What is the thousands digit of 805645?
5
What is the ten thousands digit of 859862?
5
What is the hundred thousands digit of 3639565?
6
What is the hundred thousands digit of 2607753?
6
What is the hundreds digit of 3231923?
9
What is the tens digit of 103761?
6
What is the units digit of 3482067?
7
What is the ten thousands digit of 4055090?
5
What is the hundred thousands digit of 32449956?
4
What is the hundreds digit of 8224085?
0
What is the ten millions digit of 15260571?
1
What is the ten thousands digit of 2789251?
8
What is the thousands digit of 926086?
6
What is the tens digit of 226050?
5
What is the hundreds digit of 518092?
0
What is the hundred thousands digit of 1631843?
6
What is the ten thousands digit of 2261169?
6
What is the tens digit of 17913107?
0
What is the hundreds digit of 84618?
6
What is the thousands digit of 445130?
5
What is the millions digit of 7569812?
7
What is the hundreds digit of 92226?
2
What is the ten thousands digit of 11979882?
7
What is the hundreds digit of 2738023?
0
What is the tens digit of 378854?
5
What is the thousands digit of 609874?
9
What is the tens digit of 23937825?
2
What is the hundreds digit of 657494?
4
What is the ten thousands digit of 91096?
9
What is the tens digit of 6025207?
0
What is the tens digit of 28030694?
9
What is the hundred thousands digit of 27555618?
5
What is the thousands digit of 1281329?
1
What is the hundreds digit of 586746?
7
What is the units digit of 128758?
8
What is the hundred thousands digit of 1985703?
9
What is the hundreds digit of 2432503?
5
What is the units digit of 756806?
6
What is the ten thousands digit of 18030170?
3
What is the thousands digit of 11652783?
2
What is the units digit of 434947?
7
What is the thousands digit of 2275455?
5
What is the hundreds digit of 15955848?
8
What is the units digit of 431271?
1
What is the units digit of 1048640?
0
What is the hundred thousands digit of 4577800?
5
What is the hundred thousands digit of 24045473?
0
What is the hundreds digit of 8500240?
2
What is the hundreds digit of 100444?
4
What is the thousands digit of 900779?
0
What is the hundreds digit of 1569517?
5
What is the thousands digit of 1189440?
9
What is the thousands digit of 810276?
0
What is the hundred thousands digit of 2576509?
5
What is the millions digit of 4416570?
4
What is the hundred thousands digit of 1237097?
2
What is the millions digit of 7749595?
7
What is the hundred thousands digit of 5111396?
1
What is the hundred thousands digit of 399797?
3
What is the hundreds digit of 300411?
4
What is the hundred thousands digit of 1897647?
8
What is the hundreds digit of 243134?
1
What is the hundred thousands digit of 4967176?
9
What is the ten thousands digit of 13416038?
1
What is the millions digit of 1002823?
1
What is the units digit of 170564?
4
What is the hundreds digit of 3025544?
5
What is the tens digit of 20643878?
7
What is the thousands digit of 177829?
7
What is the hundred thousands digit of 34239538?
2
What is the ten thousands